-2007) + -82*(-1)/9. Calculate the greatest common divisor of k and v.
9
Suppose 140 = 4*x + 4*a, 64*x - 65*x - 2*a + 40 = 0. Calculate the highest common divisor of 1710 and x.
30
Let h be (-6)/(-1) - (12 - (-4 - -13)). Calculate the highest common factor of 7 and h.
1
Suppose 3792*c - 3794*c + 268 = 0. What is the highest common factor of c and 2?
2
Let v be (-2)/(-6) + (-306)/27. Let x = v + 34. Suppose -3*r = -x - 10. Calculate the highest common factor of r and 77.
11
Let g = 43 + -27. Calculate the highest common divisor of g and 40.
8
Let c = -18 + 20. Suppose -11 = -3*d - c. Suppose -5*m + 7 + 8 = 0. What is the greatest common factor of m and d?
3
Suppose 0 = -d - 1 + 3. Suppose f + 7*x - 430 = 2*x, -3*f + d*x + 1375 = 0. Let h be f/(-14)*(-4)/5. Calculate the highest common divisor of 39 and h.
13
Let i = 626 - 614. Calculate the highest common divisor of i and 1236.
12
Let c be 61/8*4 + 2/(-4). Calculate the greatest common factor of c and 510.
30
Suppose 3*j = -5*f + 274, -3*j + 6*j = f + 298. What is the greatest common divisor of 343 and j?
49
Suppose 4*r - 20 = 12. Suppose -r*a + 8 = -4*a. Suppose 0*j = 5*m - a*j - 43, -m - 13 = 5*j. Calculate the greatest common factor of 35 and m.
7
Let v = 3 + 2. Suppose -l + 0 = -3*p + v, 5*p - 75 = -5*l. Let j(i) = 3*i**2 - 8*i + 10. Let m be j(6). Calculate the greatest common divisor of l and m.
10
Suppose o - 24 = -3*o. Let u = 424 - 418. Calculate the greatest common divisor of u and o.
6
Let x be -1 + (-21)/(-12) - (-4266)/72. Calculate the highest common factor of 168 and x.
12
Suppose 271 = -4*j - c + 1742, -5*j + 1835 = 5*c. Suppose j + 642 = 3*y + 5*z, 4*y = 5*z + 1300. What is the greatest common divisor of 30 and y?
30
Let p be 6/24 - 26/8. Let h be -18*(5/p + 0). Calculate the highest common divisor of h and 90.
30
Let y(s) = 9*s**2 + 57*s - 57. Let m be y(1). Let i be 1/(-4) - 109/(-4). Suppose 5*p - 2*p = i. Calculate the highest common factor of p and m.
9
Let m be 3*(1 - 0)*28/12. Suppose -2*q - 32 = -0*q - 5*w, q + 2*w = 2. Let d be (-292)/q - 5/(-15). Calculate the highest common divisor of d and m.
7
Let a(j) = -3*j - 62. Let i be a(-27). Calculate the greatest common divisor of i and 57.
19
Let x(d) = -d + 5. Let l = 44 - 85. Let n = 27 + l. Let s be x(n). What is the greatest common divisor of s and 19?
19
Let b be 2/4 - 319/(-22). Let d(m) = 6*m + 0*m - m. Let p be d(12). Calculate the highest common factor of b and p.
15
Let l(x) = 4*x - 4. Let i be l(6). Let a = 21 - i. Let s be 12/(a/((-2)/(-3))). Calculate the highest common divisor of 24 and s.
8
Let d be 57*(2 - -2)/(-4). Let s = -53 - d. Calculate the greatest common factor of s and 4.
4
Let i be (3*(-2)/(-6))/((-6)/(-36)). Suppose i*o = 5*o + 156. Calculate the greatest common divisor of 104 and o.
52
Let r(d) = d + 5. Suppose -f - f - 40 = -5*w, 0 = 5*w + 4*f - 10. Let c be r(w). Suppose 65*u = -309 + 2454. What is the highest common divisor of u and c?
11
Suppose c - 355 = -5*w, 3*c - 335 = -5*w + 6*c. Let d(p) = 4*p - 72. Let b be d(23). What is the greatest common divisor of b and w?
10
Suppose a + 72 = 9*a. Calculate the highest common divisor of a and 36.
9
Let q(o) = 7*o - 39. Let p be q(7). Suppose -11*v = -p*v - 34. What is the highest common divisor of 85 and v?
17
Suppose m - 5*m = 2*p - 16, 15 = 3*m. Let b be p/5 - 72/(-30). Suppose -b*i = -3*v - 42, 4*v = -2*i + 31 - 3. Calculate the greatest common divisor of i and 27.
9
Let i = -3 + 7. Let l(h) = -h**3 + 17*h**2 + 17*h + 24. Let r be l(18). What is the greatest common factor of i and r?
2
Let t = 18 + -12. Suppose -2*h + 49 = 17*u - 14*u, -3*u - 5*h + 55 = 0. Calculate the greatest common factor of t and u.
3
Suppose -4*z + 23 = 43, -4*r - 3*z + 37 = 0. Let q = 235 + 100. Let n = q + -218. What is the highest common factor of r and n?
13
Let v = 55 + -57. Let z be (-2)/3*(-5 + 8)*v. What is the highest common factor of z and 44?
4
Suppose -222 = -2*h + 6*i - 4*i, -3*h + 5*i = -335. Suppose -55 = 2*c - 3*c. What is the highest common divisor of h and c?
55
Let d = -151 - -201. Suppose -31 - 69 = -i. What is the highest common factor of i and d?
50
Let a = 16 - 4. Suppose -y + 2*z = -6*y + 16, 3*y - 5*z - 22 = 0. Suppose 86 = 5*q - 2*s, -5*s - 39 - 23 = -y*q. Calculate the highest common factor of q and a.
6
Let q be (7 - 9) + 63*1. Suppose -u + 2*v + 3 = -q, 16 = 4*v. Calculate the highest common divisor of 9 and u.
9
Let c be (-12)/2*219/(-6). Let i = c - -14. Let y = -103 + i. What is the highest common factor of y and 26?
26
Let u(r) = 48*r**2 - 6*r + 1. Let h be u(-1). Suppose -3*g - 4*o + 0*o + 78 = 0, -56 = -2*g - 4*o. Calculate the greatest common divisor of g and h.
11
Let v = -4 + -2. Let m be (-20)/v*(-6)/(-5). Suppose 613 = 36*w + 181. Calculate the greatest common factor of w and m.
4
Let n = 36 + -32. Let i be 2*1/1 + n. What is the highest common factor of 30 and i?
6
Suppose -2*o = -5*y - 107 + 45, o - 3*y = 32. Calculate the greatest common divisor of o and 1274.
26
Suppose s - 62 = p, 4*p - 124 = 5*s - 7*s. What is the greatest common factor of s and 403?
31
Suppose -17*u + 33*u = 560. Let n = -805 - -3012. Let k be n/7 - 12/42. Calculate the greatest common factor of u and k.
35
Let k be (13 - 3 - 1) + -2. Let t = -4 + k. Suppose -t*g = -9, -g = 5*v + 3*g - 97. What is the highest common divisor of v and 187?
17
Let v be 7 + ((-24)/4 - -4). Suppose 5*l = 4*b + v + 24, -2*l + 2 = 0. Let o be 2/b - (-184)/12. What is the highest common factor of o and 10?
5
Let r = 5 - 11. Let f = -2 - r. Let w = 203 - 175. Calculate the greatest common factor of w and f.
4
Let t(y) = 33*y**3 - 1. Let r be t(-1). Let v = r - -50. Suppose 2*u - 298 = -2*p, 5*u + 240 = -p + 965. Calculate the greatest common factor of v and u.
16
Suppose 4*f + 200 = 9*f. Suppose -3*h = l - 14 - 16, f = 4*h - 5*l. Let m = -74 + 75. Calculate the greatest common factor of h and m.
1
Suppose 3*f - 97 = 5*u, -4*u = 3*f + f - 108. Let l(s) = -34*s - 1. Let k = -25 + 19. Let m be l(k). What is the highest common divisor of f and m?
29
Let k = -53 - -79. Let z be (4734/(-4) + 3)*-8. Let j be z/33 - (-18)/(-99). Calculate the greatest common factor of j and k.
26
Suppose p - 423 - 197 = -5*h, 10 = -2*h. What is the highest common factor of 30 and p?
15
Let c(x) = -x**3 + 20*x**2 + 24*x - 108. Let y be c(20). Calculate the greatest common factor of y and 155.
31
Let m = -229 - -344. Suppose -2*d + 8*t - 3*t = -15, -2*t + 13 = 3*d. Suppose 10 - 125 = -d*s. What is the highest common factor of m and s?
23
Suppose 6720 = 7*g + 1995. Calculate the highest common factor of 405 and g.
135
Let t(d) be the third derivative of -d**4/12 + 55*d**3/3 - 13*d**2. Let q be t(0). What is the highest common factor of q and 10?
10
Let d = 175 - 58. Let j = -19 + 13. Let m(z) = z**3 + 6*z**2 - 3*z - 5. Let t be m(j). Calculate the greatest common divisor of t and d.
13
Suppose -2*f + 28 = -2*z, 12*z = 17*z + 20. What is the greatest common divisor of f and 120?
10
Suppose 0 = 2*q - 5 + 9. Let g(u) = -u + 3. Let v be g(q). Let d = v - 3. Calculate the highest common divisor of d and 5.
1
Let x be 160/15*(-15)/(-2). Suppose -h = -5*h + 20. Suppose h*i - 2*i = 30. Calculate the highest common factor of i and x.
10
Let o(w) = 2*w**3 + 2*w**2 - 4*w. Let d be o(4). Let x be (-6)/(((-3)/4)/(3 + 0)). Calculate the greatest common divisor of d and x.
24
Let c be (1/((-6)/8))/(-1*12/54). Let t = -8 + 14. Suppose -t = x - 72. Calculate the greatest common factor of x and c.
6
Let z = 638 - 634. What is the greatest common divisor of 362 and z?
2
Suppose w - 16 - 46 = 0. Let h = -42 + w. Calculate the highest common divisor of h and 5.
5
Let y = 802 - 797. Calculate the highest common factor of 185 and y.
5
Suppose 1447 = -20*a + 12847. Calculate the highest common divisor of a and 60.
30
Suppose 133*u - 138*u = 5. Let i be (-1)/u + -4 - -5. What is the highest common divisor of 4 and i?
2
Let l be (70/5)/((-4)/534). Let y be (-4)/18 - l/27. Suppose -4*n + 96 = -g, 0*g - 4*g = 3*n - 53. Calculate the highest common factor of n and y.
23
Let m(a) = a**2 - 39. Let n be m(-9). What is the greatest common factor of 462 and n?
42
Let n = -1641 + 1699. Calculate the greatest common factor of n and 261.
29
S